{"id":146,"date":"2014-03-14T22:34:42","date_gmt":"2014-03-14T22:34:42","guid":{"rendered":"http:\/\/www.mlynsenov.eu\/?page_id=146"},"modified":"2023-06-29T08:21:36","modified_gmt":"2023-06-29T08:21:36","slug":"popis-jednotlivych-objektu","status":"publish","type":"page","link":"https:\/\/www.mlynsenov.eu\/?page_id=146","title":{"rendered":"Popis jednotliv\u00fdch objekt\u016f"},"content":{"rendered":"<p><strong>Trafostanice<\/strong><br \/>\nJedna se o t\u0159\u00edpodla\u017en\u00ed objekt s jedn\u00edm podzemn\u00edm podla\u017e\u00edm. V prvn\u00edm podla\u017e\u00ed trafostanici jsou VN (vysokonap\u011b\u0165ov\u00e9) transform\u00e1tory a rozvodny. V druh\u00e9m podla\u017e\u00ed jsou vyvedeny kabely dan\u00fdch transform\u00e1toru a kabelov\u00e9 koncovky p\u0159\u00edvodn\u00edch VN kabel\u016f. Ve t\u0159et\u00edm podla\u017e\u00ed se nach\u00e1z\u00ed samotn\u00e9 m\u011b\u0159en\u00ed dodavatele elekt\u0159iny a vyp\u00ednac\u00ed prvky transform\u00e1toru a p\u0159\u00edvodn\u00edch veden\u00ed VN v\u010detn\u011b ochran. Podzem\u00ed podla\u017e\u00ed tvo\u0159\u00ed kabelov\u00fd prostor, kter\u00fd p\u0159\u00edmo navazuje na syst\u00e9m kabelov\u00fdch kan\u00e1l\u016f. Vlastn\u00ed kabelov\u00e9 kan\u00e1ly jsou \u0159e\u0161eny jako pr\u016fchoz\u00ed s ulo\u017een\u00edm kabelu na l\u00e1vk\u00e1ch. Kabelov\u00e9 kan\u00e1ly jsou od objektu odd\u011bleny po\u017e\u00e1rn\u00edmi dve\u0159mi. Syst\u00e9m kabelov\u00fdch kan\u00e1l\u016f vych\u00e1z\u00ed oboustrann\u011b z trafostanice (ve tvaru U) a z jedn\u00e9 strany p\u0159epojuje (pod \u017eelezni\u010dn\u00ed vle\u010dkou) kabelov\u00fd kan\u00e1l, jen\u017e se nach\u00e1z\u00ed pod\u00e9l objektu 06 &#8211; t\u011bst\u00e1rna, m\u00edch\u00e1na, 04 &#8211; mou\u010dn\u00e9 silo, 03 &#8211; \u010dist\u00edrna ml\u00fdna. Tento pod\u00e9ln\u00fd kan\u00e1l je situov\u00e1n na -4.20 m pod n\u00e1kladovou rampou. Kabelov\u00fd kan\u00e1l vy\u00fast\u011bn\u00fd z druh\u00e9 strany trafostanice (sm\u011brem k vagonov\u00e9 vykl\u00e1dce) propojuje pod \u017eelezni\u010dn\u00ed vle\u010dkou objekt 01 \u2013 p\u0159\u00edjem obil\u00ed a p\u0159ed\u010dist\u00edrnu, 02 &#8211; obiln\u00ed silo. Trafostanice m\u00e1 2ks transform\u00e1toru o v\u00fdkonu 1000 kVA a 1ks transform\u00e1toru o v\u00fdkonu 630 kVA. P\u0159\u00edvodn\u00ed veden\u00ed \u010d.74 a \u010d.140(zaji\u0161\u0165uje minim\u00e1ln\u00ed dobu bez elektrick\u00e9 energie). Rezervovan\u00fd p\u0159\u00edkon 2,3 MW<\/p>\n","protected":false},"excerpt":{"rendered":"<p>Trafostanice Jedna se o t\u0159\u00edpodla\u017en\u00ed objekt s jedn\u00edm podzemn\u00edm podla\u017e\u00edm. V prvn\u00edm podla\u017e\u00ed trafostanici jsou VN (vysokonap\u011b\u0165ov\u00e9) transform\u00e1tory a rozvodny. V druh\u00e9m podla\u017e\u00ed jsou vyvedeny kabely dan\u00fdch transform\u00e1toru a kabelov\u00e9 koncovky p\u0159\u00edvodn\u00edch VN kabel\u016f. Ve t\u0159et\u00edm podla\u017e\u00ed se nach\u00e1z\u00ed samotn\u00e9 m\u011b\u0159en\u00ed dodavatele elekt\u0159iny a vyp\u00ednac\u00ed prvky transform\u00e1toru a p\u0159\u00edvodn\u00edch veden\u00ed VN v\u010detn\u011b ochran. Podzem\u00ed podla\u017e\u00ed [&hellip;]<\/p>\n","protected":false},"author":1,"featured_media":0,"parent":141,"menu_order":0,"comment_status":"closed","ping_status":"closed","template":"page-templates\/full-width.php","meta":{"footnotes":""},"class_list":["post-146","page","type-page","status-publish","hentry"],"_links":{"self":[{"href":"https:\/\/www.mlynsenov.eu\/index.php?rest_route=\/wp\/v2\/pages\/146","targetHints":{"allow":["GET"]}}],"collection":[{"href":"https:\/\/www.mlynsenov.eu\/index.php?rest_route=\/wp\/v2\/pages"}],"about":[{"href":"https:\/\/www.mlynsenov.eu\/index.php?rest_route=\/wp\/v2\/types\/page"}],"author":[{"embeddable":true,"href":"https:\/\/www.mlynsenov.eu\/index.php?rest_route=\/wp\/v2\/users\/1"}],"replies":[{"embeddable":true,"href":"https:\/\/www.mlynsenov.eu\/index.php?rest_route=%2Fwp%2Fv2%2Fcomments&post=146"}],"version-history":[{"count":9,"href":"https:\/\/www.mlynsenov.eu\/index.php?rest_route=\/wp\/v2\/pages\/146\/revisions"}],"predecessor-version":[{"id":331,"href":"https:\/\/www.mlynsenov.eu\/index.php?rest_route=\/wp\/v2\/pages\/146\/revisions\/331"}],"up":[{"embeddable":true,"href":"https:\/\/www.mlynsenov.eu\/index.php?rest_route=\/wp\/v2\/pages\/141"}],"wp:attachment":[{"href":"https:\/\/www.mlynsenov.eu\/index.php?rest_route=%2Fwp%2Fv2%2Fmedia&parent=146"}],"curies":[{"name":"wp","href":"https:\/\/api.w.org\/{rel}","templated":true}]}}