{"id":100,"date":"2014-03-14T21:07:01","date_gmt":"2014-03-14T21:07:01","guid":{"rendered":"http:\/\/www.mlynsenov.eu\/?page_id=100"},"modified":"2025-12-12T11:09:05","modified_gmt":"2025-12-12T11:09:05","slug":"skladovani","status":"publish","type":"page","link":"https:\/\/www.mlynsenov.eu\/?page_id=100","title":{"rendered":"Skladov\u00e1n\u00ed"},"content":{"rendered":"<p><img loading=\"lazy\" decoding=\"async\" class=\"alignnone size-full wp-image-5\" src=\"http:\/\/www.mlynsenov.eu\/wp-content\/uploads\/2014\/03\/mlyn_01.jpg\" alt=\"mlyn_01\" width=\"1200\" height=\"357\" \/><\/p>\n<h1>SKLADOV\u00c1N\u00cd SYPK\u00ddCH ZEM\u011aD\u011aLSK\u00ddCH KOMODIT<\/h1>\n<p>Nab\u00edz\u00edme skladov\u00e1n\u00ed a s\u00a0t\u00edm spojen\u00e9 o\u0161et\u0159en\u00ed\u00a0sypk\u00fdch zem\u011bd\u011blsk\u00fdch komodit (\u00a0p\u0161enice, \u017eito, je\u010dmen, oves, Tritikale) v\u00a0\u017eelezobetonov\u00e9m sile o celkov\u00e9 kapacit\u011b 50.000 tun. Je zaji\u0161t\u011bn\u00e1 ve\u0161ker\u00e1 logistika spojen\u00e1 s\u00a0touto \u010dinnost\u00ed.<\/p>\n<p>Kontakt:\u00a0 Jakub Lipowczan \u2013 vedouc\u00ed obiln\u00e9ho sila<br \/>\nTel.: 737 514 839<br \/>\n<a href=\"mailto:silo@mlynsenov.eu\">silo@mlynsenov.eu<\/a><\/p>\n<p>\u017delezobetonov\u00e9 silo je slo\u017een\u00e9 z\u00a031 bun\u011bk o pr\u016fm\u011bru 7,5\u00a0m s\u00a0v\u00fd\u0161kou 47\u00a0m\u00a0a 23 prostor\u016f mezi kruhov\u00fdmi bu\u0148kami (asteroid\u016f) pro celkem 52\u00a0985\u00a0tun obilovin. D\u00edky masivn\u00ed konstrukci je v\u00a0silech zachov\u00e1no ide\u00e1ln\u00ed prost\u0159ed\u00ed pro komodity. Jedine\u010dnnost\u00ed sila je tak\u00e9 v\u00a0trycht\u00fd\u0159i na dn\u011b sila, kde je celkem 6 v\u00fdpust\u00ed na jednu bu\u0148ku a to rozm\u00edst\u011bn\u00fdch po obvodu bu\u0148ky, d\u00edky tomuto rozlo\u017een\u00ed doch\u00e1z\u00ed k\u00a0rovnom\u011brn\u00e9mu vyskladn\u011bn\u00ed. Toto silo pat\u0159\u00ed k nejv\u011bt\u0161\u00edm v\u00a0Evrop\u011b, kde je mo\u017eno skladovat o\u00a0takov\u00e9 velk\u00e9 kapacit\u011b a je k\u00a0tomu p\u0159izp\u016fsoben i p\u0159\u00edjem komodit, kdy je pou\u017eito dvou na sob\u011b nez\u00e1svisl\u00fdch technologick\u00fdch tras p\u0159i celkov\u00e9 v\u00fdkonnosti 100\u00a0tun\/hodinu. Pro zachov\u00e1n\u00ed kvality uskladn\u011bn\u00fdch komodit je vypracov\u00e1na anal\u00fdza nebezpe\u010d\u00ed a kritick\u00e9 kontroln\u00ed body (HACCP) a tak\u00e9 aktivn\u00ed v\u011btr\u00e1ni bun\u011bk, sledov\u00e1n\u00ed teplot v\u00a0ka\u017ed\u00e9 bu\u0148ce a vlastn\u00ed laborato\u0159. Are\u00e1l disponuje dv\u011bma elektromechanick\u00fdmi v\u00e1hami s\u00a0neautomatickou \u010dinnost\u00ed s\u00a0mo\u017enosti v\u00e1\u017een\u00ed n\u00e1kladn\u00edch automobilu do 60\u00a0000\u00a0kg, a s velk\u00fdm prostorem pro n\u00e1kladn\u00ed automobily. D\u00edky statusu pr\u016fmyslov\u00e9 z\u00f3ny je mo\u017eno manipulaci s\u00a0komoditami prov\u00e1d\u011bt 24 hodin denn\u011b.<br \/>\n<a title=\"technick\u00e1 data\" href=\"http:\/\/www.mlynsenov.eu\/?page_id=133\"><em><code>velikosti a rozlo\u017een\u00ed bu\u0148\u011bk<\/code><\/em><\/a><\/p>\n","protected":false},"excerpt":{"rendered":"<p>SKLADOV\u00c1N\u00cd SYPK\u00ddCH ZEM\u011aD\u011aLSK\u00ddCH KOMODIT Nab\u00edz\u00edme skladov\u00e1n\u00ed a s\u00a0t\u00edm spojen\u00e9 o\u0161et\u0159en\u00ed\u00a0sypk\u00fdch zem\u011bd\u011blsk\u00fdch komodit (\u00a0p\u0161enice, \u017eito, je\u010dmen, oves, Tritikale) v\u00a0\u017eelezobetonov\u00e9m sile o celkov\u00e9 kapacit\u011b 50.000 tun. Je zaji\u0161t\u011bn\u00e1 ve\u0161ker\u00e1 logistika spojen\u00e1 s\u00a0touto \u010dinnost\u00ed. Kontakt:\u00a0 Jakub Lipowczan \u2013 vedouc\u00ed obiln\u00e9ho sila Tel.: 737 514 839 silo@mlynsenov.eu \u017delezobetonov\u00e9 silo je slo\u017een\u00e9 z\u00a031 bun\u011bk o pr\u016fm\u011bru 7,5\u00a0m s\u00a0v\u00fd\u0161kou 47\u00a0m\u00a0a 23 [&hellip;]<\/p>\n","protected":false},"author":1,"featured_media":0,"parent":0,"menu_order":3,"comment_status":"closed","ping_status":"closed","template":"page-templates\/full-width.php","meta":{"footnotes":""},"class_list":["post-100","page","type-page","status-publish","hentry"],"_links":{"self":[{"href":"https:\/\/www.mlynsenov.eu\/index.php?rest_route=\/wp\/v2\/pages\/100","targetHints":{"allow":["GET"]}}],"collection":[{"href":"https:\/\/www.mlynsenov.eu\/index.php?rest_route=\/wp\/v2\/pages"}],"about":[{"href":"https:\/\/www.mlynsenov.eu\/index.php?rest_route=\/wp\/v2\/types\/page"}],"author":[{"embeddable":true,"href":"https:\/\/www.mlynsenov.eu\/index.php?rest_route=\/wp\/v2\/users\/1"}],"replies":[{"embeddable":true,"href":"https:\/\/www.mlynsenov.eu\/index.php?rest_route=%2Fwp%2Fv2%2Fcomments&post=100"}],"version-history":[{"count":27,"href":"https:\/\/www.mlynsenov.eu\/index.php?rest_route=\/wp\/v2\/pages\/100\/revisions"}],"predecessor-version":[{"id":365,"href":"https:\/\/www.mlynsenov.eu\/index.php?rest_route=\/wp\/v2\/pages\/100\/revisions\/365"}],"wp:attachment":[{"href":"https:\/\/www.mlynsenov.eu\/index.php?rest_route=%2Fwp%2Fv2%2Fmedia&parent=100"}],"curies":[{"name":"wp","href":"https:\/\/api.w.org\/{rel}","templated":true}]}}